tor of 820 and 500.
20
What is the greatest common factor of 561253 and 814?
407
What is the highest common divisor of 117102 and 1450?
58
What is the greatest common factor of 243200 and 1368?
152
Calculate the greatest common factor of 77 and 48335.
7
What is the greatest common divisor of 1584 and 1738?
22
What is the greatest common divisor of 2088 and 30312?
72
Calculate the greatest common divisor of 1430982 and 6888.
1722
What is the greatest common divisor of 130 and 306930?
130
What is the highest common divisor of 305 and 549793?
61
Calculate the highest common factor of 12300 and 13284.
492
Calculate the greatest common divisor of 203 and 4676.
7
What is the greatest common factor of 348 and 169041?
87
Calculate the greatest common factor of 520 and 624.
104
Calculate the greatest common factor of 106716 and 60.
12
What is the greatest common factor of 24 and 408924?
12
What is the greatest common divisor of 823725 and 150?
75
What is the greatest common divisor of 1380 and 43240?
460
Calculate the greatest common factor of 31694 and 69483.
1219
What is the greatest common factor of 125 and 63400?
25
Calculate the highest common factor of 117273 and 13299.
1209
What is the greatest common divisor of 4602 and 585?
39
What is the highest common factor of 31070 and 390?
130
Calculate the greatest common factor of 282072 and 25944.
552
Calculate the highest common divisor of 896 and 123704.
56
What is the highest common factor of 200 and 36320?
40
What is the highest common factor of 412185 and 15?
15
Calculate the greatest common factor of 6530 and 365.
5
Calculate the highest common factor of 20878 and 6853.
11
What is the highest common factor of 23808 and 1860?
372
Calculate the greatest common factor of 861 and 1213149.
861
Calculate the greatest common divisor of 1530 and 7560.
90
Calculate the greatest common divisor of 1794 and 12504180.
1794
What is the highest common factor of 24048 and 16?
16
Calculate the greatest common divisor of 6420470 and 490.
490
Calculate the highest common divisor of 48068 and 5795.
61
Calculate the greatest common divisor of 2176433 and 98.
49
What is the highest common divisor of 30682 and 377?
29
Calculate the highest common factor of 24797 and 6516.
181
Calculate the greatest common factor of 4445 and 245.
35
Calculate the highest common divisor of 80 and 59464.
8
What is the greatest common divisor of 15789 and 171?
57
What is the highest common divisor of 4716 and 431252?
524
What is the highest common divisor of 696 and 1398264?
696
Calculate the highest common divisor of 3230 and 57.
19
What is the greatest common factor of 300866 and 442?
34
What is the greatest common factor of 800491 and 137?
137
What is the greatest common divisor of 889168 and 467?
467
Calculate the greatest common factor of 10541 and 2286.
127
What is the highest common divisor of 280 and 319270?
70
Calculate the greatest common divisor of 8372 and 46368.
644
Calculate the highest common factor of 45 and 283455.
45
What is the greatest common divisor of 41814 and 774?
18
What is the greatest common factor of 56 and 38500?
28
What is the highest common divisor of 1060 and 2067?
53
What is the greatest common divisor of 39894 and 4392?
366
What is the highest common factor of 6958 and 1029?
49
Calculate the highest common factor of 154 and 682.
22
What is the greatest common divisor of 47 and 123234?
47
Calculate the highest common divisor of 151145 and 190.
95
Calculate the highest common divisor of 482185 and 484.
121
Calculate the highest common factor of 484 and 374132.
484
Calculate the greatest common factor of 148 and 6010502.
74
Calculate the greatest common divisor of 82 and 127346.
82
Calculate the highest common factor of 417 and 2198146.
139
Calculate the greatest common divisor of 151859 and 543.
181
What is the greatest common factor of 17446 and 2574?
286
Calculate the greatest common factor of 630 and 4214700.
630
Calculate the highest common factor of 12067 and 1272520.
1097
Calculate the highest common factor of 153 and 4556.
17
What is the greatest common factor of 1844948 and 196?
196
What is the greatest common factor of 290 and 390?
10
Calculate the greatest common divisor of 18486 and 1896.
474
What is the greatest common divisor of 67304 and 703112?
1432
Calculate the highest common factor of 2227 and 119.
17
What is the highest common divisor of 79156 and 748?
44
What is the highest common factor of 369879 and 32526?
417
Calculate the highest common divisor of 14850 and 44.
22
What is the greatest common factor of 1556 and 52?
4
Calculate the greatest common divisor of 8316 and 37114.
154
Calculate the highest common divisor of 3841 and 92.
23
Calculate the greatest common divisor of 220992 and 16.
16
Calculate the greatest common divisor of 365320 and 16.
8
What is the highest common divisor of 90356 and 168?
28
Calculate the greatest common divisor of 11583 and 113157.
891
What is the greatest common divisor of 6039 and 356850?
549
Calculate the highest common factor of 38016 and 2772.
396
Calculate the greatest common divisor of 832 and 182832.
208
What is the greatest common factor of 483 and 30527?
7
Calculate the highest common divisor of 7080 and 4860.
60
What is the highest common divisor of 44520 and 3435?
15
Calculate the greatest common divisor of 26 and 93561.
13
What is the greatest common divisor of 809 and 4466489?
809
Calculate the greatest common factor of 273 and 56901.
39
What is the greatest common factor of 114 and 33326?
38
What is the highest common factor of 3744 and 41508?
36
Calculate the greatest common divisor of 18 and 1430658.
18
Calculate the highest common divisor of 76 and 358606.
38
Calculate the greatest common factor of 105290 and 20.
10
Calculate the highest common divisor of 263 and 221972.
263
What is the greatest common factor of 9 and 6393?
3
What is the greatest common divisor of 1050 and 27510?
210
What is the highest common factor of 25763 and 1?
1
What is the highest common divisor of 2696 and 422?
2
Calculate the greatest common factor of 60 and 119172.
12
Calculate the highest common factor of 960 and 103872.
192
What is the greatest common divisor of 250 and 190450?
50
What is the highest common divisor of 2418 and 3348?
186
What is the highest common factor of 815048 and 156?
52
Calculate the greatest common factor of 1344 and 3464.
8
What is the highest common divisor of 2 and 592?
2
What is the greatest common factor of 70 and 181986?
14
Calculate the highest common factor of 468 and 29224.
52
Calculate the highest common factor of 255760 and 720.
80
What is the greatest common factor of 18 and 1355052?
6
What is the highest common factor of 124290 and 270?
90
What is the highest common divisor of 30906 and 15554?
202
Calculate the highest common divisor of 439025 and 17.
17
Calculate the highest common factor of 2240 and 2380.
140
Calculate the highest common divisor of 1903283 and 212.
53
Calculate the highest common factor of 23058 and 25559.
61
Calculate the highest common divisor of 13766 and 16.
2
Calculate the greatest common factor of 289 and 20859.
17
Calculate the highest common divisor of 5456 and 66.
22
Calculate the highest common divisor of 18580 and 320.
20
What is the greatest common divisor of 837 and 67704?
93
What is the greatest common divisor of 5 and 404545?
5
Calculate the greatest common divisor of 1099 and 1256.
157
Calculate the greatest common factor of 122160 and 90.
30
Calculate the highest common factor of 441245 and 490.
245
Calculate the greatest common factor of 1365 and 10075.
65
What is the greatest common factor of 1038066 and 310?
62
Calculate the highest common divisor of 1939525 and 700.
175
Calculate the highest common factor of 330352 and 352.
176
Calculate the highest common factor of 89908 and 152.
76
What is the highest common factor of 2223 and 470079?
171
What is the highest common divisor of 303845 and 335?
335
What is the highest common factor of 90 and 6063690?
30
What is the highest common divisor of 9018 and 30?
6
Calculate the highest common factor of 7783708 and 1244.
1244
What is the greatest common factor of 60 and 586515?
15
Calculate the greatest common divisor of 608715 and 45.
45
What